 is -603cbb (base 14) in base 5?
-1312101233
What is -121111102000020 (base 3) in base 2?
-100001011100010111110000
a66a6 (base 13) to base 7
2356316
What is 4ce4a (base 15) in base 13?
880c0
What is 1000000101010000 (base 2) in base 3?
1200102002
2850612 (base 11) to base 2
10010101101101000000010
What is -2020314 (base 6) in base 3?
-11212201101
What is 20210023301 (base 4) in base 2?
1000100100001011110001
What is -3240315 (base 10) in base 6?
-153241243
Convert 32083 (base 10) to base 13.
117ac
Convert -11342410334 (base 5) to base 7.
-220413503
3331994 (base 11) to base 9
11886756
11320206 (base 7) to base 9
1777863
What is 2219573 (base 12) in base 13?
146a846
What is -65c74 (base 14) in base 12?
-ba8ba
Convert 1755ed (base 16) to base 8.
5652755
What is -13b07a (base 14) in base 13?
-1ac076
1774871 (base 9) to base 10
994339
What is -10120020122 (base 3) in base 6?
-1300455
What is -16393d5 (base 14) in base 16?
-a6472f
5343166 (base 9) to base 15
3b8419
-312245 (base 6) to base 14
-924d
Convert 213510 (base 8) to base 4.
101131020
What is -232b048 (base 12) in base 3?
-110202102001002
What is -83a (base 15) in base 4?
-130333
1244142 (base 7) to base 2
100111101000001110
What is -c8c32 (base 13) in base 4?
-1120132021
-332114 (base 6) to base 14
-a142
-a72a33 (base 13) to base 15
-5262a8
What is -515332311 (base 6) in base 15?
-bb8924
What is 135331150 (base 6) in base 10?
2780202
Convert 224079a (base 11) to base 13.
a75545
Convert 2dc46 (base 14) to base 15.
240b3
Convert -135120601 (base 7) to base 5.
-4231024304
What is -1422849 (base 10) in base 11?
-89200a
Convert 556333 (base 7) to base 12.
48a51
20658461 (base 9) to base 3
200201222112001
13a411 (base 12) to base 6
11014421
What is -ad2a9b (base 14) in base 4?
-112130310301
What is 11150523 (base 6) in base 7?
2620203
What is 35251005 (base 7) in base 4?
23312001021
What is 111221221102 (base 3) in base 12?
113032
What is 340420103 (base 5) in base 7?
15506536
What is 12223203 (base 5) in base 9?
187816
What is 10000111100100101100100 (base 2) in base 4?
100330211210
What is 2775343 (base 8) in base 13?
216491
What is -110011001101110 (base 2) in base 9?
-38865
What is -2015616 (base 7) in base 3?
-110011211120
Convert -10102a6 (base 11) to base 9.
-3322626
Convert -250845 (base 10) to base 11.
-161511
Convert -54411 (base 7) to base 12.
-7a39
2413030 (base 5) to base 11
306a6
Convert 6ead0 (base 16) to base 8.
1565320
What is -1203602 (base 10) in base 13?
-331aba
What is -613364 (base 7) in base 2?
-11001100000010001
-1011201101020 (base 3) to base 16
-986ac
145240 (base 10) to base 4
203131120
-11110111001011100000000 (base 2) to base 12
-2867314
What is 26654 (base 14) in base 11?
65041
What is -1021023333 (base 4) in base 11?
-195253
Convert 24043010 (base 5) to base 3.
102021000112
Convert 677a94 (base 12) to base 5.
410324132
What is 269c07 (base 15) in base 4?
13011001132
What is -641236 (base 8) in base 5?
-23314122
100101101110011101 (base 2) to base 8
455635
What is -2200261 (base 7) in base 12?
-10b851
1c7025a (base 13) to base 7
143413153
Convert -304ce (base 15) to base 11.
-a4a23
2735283 (base 9) to base 4
11232022032
-1021134 (base 7) to base 5
-12412433
What is 12212122211 (base 3) in base 9?
185584
5a636a2 (base 11) to base 15
dd92b2
-2319c67 (base 14) to base 11
-94a2644
Convert -321912 (base 10) to base 9.
-540520
What is -2bb379 (base 14) in base 16?
-17550f
Convert 1300315 (base 10) to base 16.
13d75b
Convert -274c (base 13) to base 12.
-3321
What is 10531404 (base 6) in base 16?
4edfc
Convert 3655a8 (base 15) to base 2.
1001111010110001100001
Convert 1113040322 (base 5) to base 6.
124545213
What is -13111012022 (base 4) in base 8?
-7250612
-6b9c (base 14) to base 8
-44506
What is -54754163 (base 8) in base 6?
-1100342243
What is 321221300 (base 4) in base 14?
620b6
7ff1e (base 16) to base 2
1111111111100011110
240566 (base 7) to base 4
22213313
-120122212110 (base 3) to base 9
-518773
-264646 (base 9) to base 6
-3240540
bb907 (base 16) to base 14
15dd9d
29bb76 (base 13) to base 14
1c9b66
What is 21030033132 (base 4) in base 9?
4472113
Convert 2579a2 (base 12) to base 13.
186b2a
What is -1b959e (base 15) in base 5?
-321113044
Convert 4fed5 (base 16) to base 10.
327381
Convert 545252 (base 12) to base 13.
37a1b6
What is -612d06 (base 14) in base 13?
-8a7c32
What is 505288 (base 12) in base 8?
4617510
Convert 13acd6 (base 14) to base 3.
1021200222020
Convert -2a4820 (base 12) to base 5.
-140304422
550525 (base 16) to base 13
120118c
Convert -303665 (base 9) to base 2.
-101011111010100111
What is 6b7bf (base 16) in base 11?
280852
What is 1156702 (base 8) in base 14?
84318
Convert -24a5260 (base 11) to base 5.
-2102400244
-1118032 (base 9) to base 14
-119a12
What is -2031113021 (base 5) in base 8?
-17675602
Convert 1093832 (base 10) to base 7.
12204005
Convert -12202111112110 (base 3) to base 14.
-5995da
Convert 156563032 (base 7) to base 13.
22a2a05
Convert -24c7446 (base 13) to base 12.
-3a25883
What is -12460101 (base 7) in base 5?
-242444100
What is -14a839 (base 14) in base 11?
-4523a3
Convert -22a91 (base 15) to base 3.
-12121102101
What is -55253223 (base 8) in base 4?
-231111122103
-3871119 (base 11) to base 6
-355431054
-825747 (base 12) to base 11
-1175070
-110111110100000001111 (base 2) to base 10
-1828879
What is 1110110001100101 (base 2) in base 10?
60517
1603440 (base 7) to base 8
655140
-20112122 (base 5) to base 3
-22010212120
Convert -215320 (base 13) to base 2.
-10111111000101001001
Convert -145113 (base 8) to base 7.
-303661
655c1 (base 13) to base 7
1362362
What is -b1efb (base 16) in base 3?
-1101000202121
Convert 3123331312 (base 4) to base 13.
257134
What is 111110201001 (base 3) in base 9?
443631
What is -22314404 (base 5) in base 11?
-125925
What is 20012021100 (base 3) in base 14?
32621
What is 7abf (base 16) in base 6?
401251
Convert -27cb2 (base 13) to base 12.
-3726a
-11101000200222 (base 3) to base 14
-446882
What is 1660725 (base 8) in base 14?
c844d
Convert 560572 (base 16) to base 7.
65626555
Convert -2a6798 (base 14) to base 8.
-5506222
-2015423 (base 9) to base 10
-1073433
Convert -303a184 (base 11) to base 4.
-110133203201
Convert -232000231311 (base 4) to base 6.
-1110304313
-1110001001100110100 (base 2) to base 8
-1611464
What is 100202014 (base 5) in base 14?
a4a2a
What is -545041 (base 7) in base 14?
-26a91
Convert -1120b8 (base 12) to base 11.
-177261
Convert 1000000101111100 (base 2) to base 6.
413244
What is 112203222 (base 4) in base 7?
533241
-321243 (base 7) to base 16
-d98f
Convert -2312251 (base 7) to base 8.
-1064254
-321030121 (base 4) to base 2
-111001001100011001
Convert -2020110210100 (base 3) to base 11.
-743325
What is 2a5116b (base 12) in base 7?
132544352
Convert 5626336 (base 7) to base 9.
1270807
Convert 47ad24 (base 14) to base 12.
9a1b58
Convert 1321110320 (base 4) to base 8.
1712470
-11231203131 (base 4) to base 14
-2ad949
-7c0e8 (base 15) to base 2
-1100000011101010101
Convert -31213142 (base 5) to base 15.
-51382
Convert -2cd67 (base 16) to base 10.
-183655
Convert -14011432 (base 5) to base 3.
-21012002110
Convert 1412d (base 15) to base 12.
31321
What is -100a3a (base 11) in base 14?
-43212
100120011232 (base 4) to base 14
7da6d0
What is -6511446 (base 7) in base 10?
-792903
-4501fd (base 16) to base 2
-10001010000000111111101
What is 5403200 (base 6) in base 4?
1000232100
-13950dd (base 15) to base 6
-1223033414
4ab31 (base 13) to base 11
94848
Convert -112121211231 (base 4) to base 2.
-10110011001100101101101
Convert 2229e3 (base 15) to base 13.
4505ca
110000100000011001 (base 2) to base 4
300200121
Convert 21e378 (base 16) to base 8.
10361570
What is -28455c5 (base 13) in base 2?
-110000101000110101110101
What is 7185290 (base 10) in base 5?
3314412130
What is -33662744 (base 8) in base 9?
-14656455
524512 (base 7) to base 14
24d79
Convert -3241442 (base 5) to base 3.
-2211122100
-32553415 (base 6) to base 10
-979283
-1134015 (base 9) to base 5
-124104403
134003242 (base 5) to base 7
5563451
6257712 (base 9) to base 13
901835
Convert -2112002233 (base 4) to base 5.
-124131300
-12122220012202 (base 3) to base 4
-23132232323
What is 41356452 (base 8) in base 15?
b845a6
Convert 132b9b (bas